-- https://www.phpmyadmin.net/
--

START TRANSACTION;



--
-- Database: `mtstarfa_sekolah`
--

-- --------------------------------------------------------

--
-- Table structure for table `tbl_agenda`
--

CREATE TABLE `tbl_agenda` (
  `agenda_id` int(11) NOT NULL,
  `agenda_nama` varchar(200) DEFAULT NULL,
  `agenda_tanggal` timestamp NULL DEFAULT current_timestamp(),
  `agenda_deskripsi` text DEFAULT NULL,
  `agenda_mulai` date DEFAULT NULL,
  `agenda_selesai` date DEFAULT NULL,
  `agenda_tempat` varchar(90) DEFAULT NULL,
  `agenda_waktu` varchar(30) DEFAULT NULL,
  `agenda_keterangan` varchar(200) DEFAULT NULL,
  `agenda_author` varchar(60) DEFAULT NULL
) ENGINE=InnoDB DEFAULT CHARSET=latin1;

--
-- Dumping data for table `tbl_agenda`
--

INSERT INTO `tbl_agenda` (`agenda_id`, `agenda_nama`, `agenda_tanggal`, `agenda_deskripsi`, `agenda_mulai`, `agenda_selesai`, `agenda_tempat`, `agenda_waktu`, `agenda_keterangan`, `agenda_author`) VALUES
(1, 'Penyembelihan Hewan Kurban Idul Adha 2017', '2017-01-22 06:18:01', 'Idul Adha yang biasa disebut lebaran haji atapun lebaran kurban sangat identik dengan penyembelihan hewan kurban. M-Sekolah tahun ini juga melakukan penyembelihan hewan kurban. Yang rencananya akan dihadiri oleh guru-guru, siswa dan pengurus OSIS.', '2017-01-22', '2017-01-22', 'M-Sekolah', '08.00 - 11.00 WIB', 'Dihadiri oleh guru-guru, siswa dan pengurus OSIS', 'M Fikri Setiadi'),
(2, 'Peluncuran Website Resmi M-Sekolah', '2017-01-22 06:26:33', 'Peluncuran website resmi  M-Sekolah, sebagai media informasi dan akademik online untuk pelayanan pendidikan yang lebih baik kepada siswa, orangtua, dan masyarakat pada umumnya semakin meningkat.', '2017-01-04', '2017-01-04', 'M-Sekolah', '07.30 - 12.00 WIB', '-', 'M Fikri Setiadi'),
(3, 'Penerimaan Raport Semester Ganjil Tahun Ajaran 2017-2018', '2017-01-22 06:29:49', 'Berakhirnya semester ganjil tahun pelajaran 2016-2017, ditandai dengan pembagian laporan hasil belajar.', '2017-02-17', '2017-02-17', 'M-Sekolah', '07.30 - 12.00 WIB', 'Untuk kelas XI dan XII, pembagian raport dimulai pukul 07.30 WIB. Sedangkan untuk kelas X pada pukul 09.00 WIB. Raport diambil oleh orang tua/wali murid masing-masing.', 'M Fikri Setiadi');

-- --------------------------------------------------------

--
-- Table structure for table `tbl_album`
--

CREATE TABLE `tbl_album` (
  `album_id` int(11) NOT NULL,
  `album_nama` varchar(50) DEFAULT NULL,
  `album_tanggal` timestamp NULL DEFAULT current_timestamp(),
  `album_pengguna_id` int(11) DEFAULT NULL,
  `album_author` varchar(60) DEFAULT NULL,
  `album_count` int(11) DEFAULT 0,
  `album_cover` varchar(40) DEFAULT NULL
) ENGINE=InnoDB DEFAULT CHARSET=latin1;

--
-- Dumping data for table `tbl_album`
--

INSERT INTO `tbl_album` (`album_id`, `album_nama`, `album_tanggal`, `album_pengguna_id`, `album_author`, `album_count`, `album_cover`) VALUES
(5, 'Ekskul', '2021-07-03 09:01:06', 1, 'Tata', 7, 'e776b560ad980ab3b69f96cbb5d7374e.jpg'),
(6, 'Sarana & Prasarana', '2021-07-03 09:01:45', 1, 'Tata', 8, '8f778d016c65996699cf2664335638bb.jpg'),
(7, 'Kegiatan Guru & Orang Tua', '2021-07-03 09:02:13', 1, 'Tata', 5, 'a81a0eab872b26aa39fa5e873decd575.jpeg'),
(8, 'Guru', '2021-07-03 09:02:57', 1, 'Tata', 2, '4523782c7a81faf562f65a90a7b21013.jpg'),
(9, 'OSIS', '2021-07-03 09:03:43', 1, 'Tata', 11, '8c91dce9ae7666cd1fe1d208bdf2871e.jpeg'),
(10, 'LDKS', '2021-07-03 09:03:58', 1, 'Tata', 5, '6b5be1cfb0ab1e4aec31fd6248232e1d.jpeg');

-- --------------------------------------------------------

--
-- Table structure for table `tbl_files`
--

CREATE TABLE `tbl_files` (
  `file_id` int(11) NOT NULL,
  `file_judul` varchar(120) DEFAULT NULL,
  `file_deskripsi` text DEFAULT NULL,
  `file_tanggal` timestamp NULL DEFAULT current_timestamp(),
  `file_oleh` varchar(60) DEFAULT NULL,
  `file_download` int(11) DEFAULT 0,
  `file_data` varchar(120) DEFAULT NULL
) ENGINE=InnoDB DEFAULT CHARSET=latin1;

--
-- Dumping data for table `tbl_files`
--

INSERT INTO `tbl_files` (`file_id`, `file_judul`, `file_deskripsi`, `file_tanggal`, `file_oleh`, `file_download`, `file_data`) VALUES
(2, 'Dasar-dasar CSS', 'Modul dasar-dasar CSS 3. Modul ini membantu anda untuk memahami struktur dasar CSS', '2017-01-23 04:30:01', 'Drs. Joko', 0, 'ab9a183ff240deadbedaff78e639af2f.pdf'),
(3, '14 Teknik Komunikasi Yang Paling Efektif', 'Ebook 14 teknik komunikasi paling efektif membantu anda untuk berkomunikasi dengan baik dan benar', '2017-01-23 15:26:06', 'Drs. Joko', 0, 'ab2cb34682bd94f30f2347523112ffb9.pdf'),
(4, 'Bagaimana Membentuk Pola Pikir yang Baru', 'Ebook ini membantu anda membentuk pola pikir baru.', '2017-01-23 15:27:07', 'Drs. Joko', 0, '30f588eb5c55324f8d18213f11651855.pdf'),
(5, '7 Tips Penting mengatasi Kritik', '7 Tips Penting mengatasi Kritik', '2017-01-23 15:27:44', 'Drs. Joko', 0, '329a62b25ad475a148e1546aa3db41de.docx'),
(6, '8 Racun dalam kehidupan kita', '8 Racun dalam kehidupan kita', '2017-01-23 15:28:17', 'Drs. Joko', 0, '8e38ad4948ba13758683dea443fbe6be.docx'),
(7, 'Jurnal Teknolgi Informasi', 'Jurnal Teknolgi Informasi', '2017-01-25 03:18:53', 'Gunawan, S.Pd', 0, '87ae0f009714ddfdd79e2977b2a64632.pdf'),
(8, 'Jurnal Teknolgi Informasi 2', 'Jurnal Teknolgi Informasi', '2017-01-25 03:19:22', 'Gunawan, S.Pd', 0, 'c4e966ba2c6e142155082854dc5b3602.pdf'),
(9, 'Naskah Publikasi IT', 'Naskah Teknolgi Informasi', '2017-01-25 03:21:04', 'Gunawan, S.Pd', 0, '71380b3cf16a17a02382098c028ece9c.pdf'),
(10, 'Modul Teknologi Informasi', 'Modul Teknologi Informasi', '2017-01-25 03:22:08', 'Gunawan, S.Pd', 0, '029143a3980232ab2900d94df36dbb0c.pdf'),
(11, 'Modul Teknologi Informasi Part II', 'Modul Teknologi Informasi', '2017-01-25 03:22:54', 'Gunawan, S.Pd', 0, 'ea8f3f732576083156e509657614f551.pdf'),
(12, 'Modul Teknologi Informasi Part III', 'Modul Teknologi Informasi', '2017-01-25 03:23:21', 'Gunawan, S.Pd', 0, 'c5e5e7d16e4cd6c3d22c11f64b0db2af.pdf');

-- --------------------------------------------------------

--
-- Table structure for table `tbl_galeri`
--

CREATE TABLE `tbl_galeri` (
  `galeri_id` int(11) NOT NULL,
  `galeri_judul` varchar(60) DEFAULT NULL,
  `galeri_tanggal` timestamp NULL DEFAULT current_timestamp(),
  `galeri_gambar` varchar(40) DEFAULT NULL,
  `galeri_album_id` int(11) DEFAULT NULL,
  `galeri_pengguna_id` int(11) DEFAULT NULL,
  `galeri_author` varchar(60) DEFAULT NULL
) ENGINE=InnoDB DEFAULT CHARSET=latin1;

--
-- Dumping data for table `tbl_galeri`
--

INSERT INTO `tbl_galeri` (`galeri_id`, `galeri_judul`, `galeri_tanggal`, `galeri_gambar`, `galeri_album_id`, `galeri_pengguna_id`, `galeri_author`) VALUES
(19, 'Volly', '2021-07-03 09:04:29', '43cf0ea0958e519ff48ac166ae15f654.jpg', 5, 1, 'Tata'),
(20, 'Bulu Tangkis', '2021-07-03 09:04:44', '8bb6c86e9211429b859d0d1e36fe6ff3.jpg', 5, 1, 'Tata'),
(21, 'English Club', '2021-07-03 09:04:57', 'fb14a4fa84dcde29e6f3ab8e7a19347c.jpg', 5, 1, 'Tata'),
(22, 'Futsal', '2021-07-03 09:05:08', '5c5349a6639f6f1430d297c4b73809da.jpg', 5, 1, 'Tata'),
(23, 'Marawis', '2021-07-03 09:05:21', 'f68fe3819e381ff45f1f53d7a7af46b9.jpg', 5, 1, 'Tata'),
(24, 'Pencak Silat', '2021-07-03 09:05:34', '78cb35580574de808985ada5b3dc8011.jpg', 5, 1, 'Tata'),
(25, 'Pramuka', '2021-07-03 09:05:46', '2ac38843ee6f9f488f21b7c85c71161d.jpg', 5, 1, 'Tata'),
(26, 'Gedung 1', '2021-07-03 09:06:08', 'da474c022a4a7e3e498051c3b12dcdb2.jpg', 6, 1, 'Tata'),
(27, 'Gedung 2', '2021-07-03 09:06:19', 'bf6b075209995dbb536f80facd0b9b1e.jpg', 6, 1, 'Tata'),
(28, 'Gedung 3', '2021-07-03 09:06:30', '7960684dbb68c66b114c8e784457a0ea.jpg', 6, 1, 'Tata'),
(29, 'Lab. Komputer', '2021-07-03 09:06:48', '0bf6fc4ad0c3b463c568c25674c537cd.jpg', 6, 1, 'Tata'),
(30, 'Perpustakaan', '2021-07-03 09:06:59', '3f368a5ba07ea3cc4b7ff4ce038b8952.jpg', 6, 1, 'Tata'),
(31, 'Ruang Guru', '2021-07-03 09:07:12', '050f5f33380203539f15fa5c47d127da.jpg', 6, 1, 'Tata'),
(32, 'Ruang Kelas 1', '2021-07-03 09:07:26', 'f55b768048bb3b04e22b5ba4864b1eb3.jpg', 6, 1, 'Tata'),
(33, 'Ruang Kelas 2', '2021-07-03 09:07:36', 'b2427481c101e33e55dd5624d04f7bb5.jpg', 6, 1, 'Tata'),
(34, 'Guru 1', '2021-07-03 09:08:01', '890e0b51d5e828287fb3f301e6e347c3.jpg', 8, 1, 'Tata'),
(35, 'Guru 2', '2021-07-03 09:08:25', '27f28396ea78f5ff224194fb9eb82703.jpg', 8, 1, 'Tata'),
(36, 'Kegiatan 1', '2021-07-03 09:08:43', '4bcbb711c035b90c309f2ce2da800b79.jpeg', 7, 1, 'Tata'),
(37, 'Kegiatan 2', '2021-07-03 09:08:58', 'd1569da8f7533c7fd23fbf600ed97875.jpeg', 7, 1, 'Tata'),
(38, 'Kegiatan 3', '2021-07-03 09:09:17', '8c1a101ef98c54e995ca3862e0c6214b.jpeg', 7, 1, 'Tata'),
(39, 'Kegiatan 4', '2021-07-03 09:09:34', '36fceaa39c39d3e6334e9b7a73b4cf8b.jpeg', 7, 1, 'Tata'),
(40, 'Kegiatan 5', '2021-07-03 09:09:48', '83dfff70187beb9e9a797d50cc49964b.jpeg', 7, 1, 'Tata'),
(41, 'Osis 1', '2021-07-03 09:10:07', '3083ba967ecb72ca923df5f8f00bea47.jpeg', 9, 1, 'Tata'),
(42, 'Osis 2', '2021-07-03 09:10:24', '2680a71699323269e44453eda972c71c.jpeg', 9, 1, 'Tata'),
(43, 'Osis 3', '2021-07-03 09:10:35', 'a1b4d922caf5c8e9263ef484301c11a0.jpeg', 9, 1, 'Tata'),
(44, 'Osis 4', '2021-07-03 09:10:45', 'd5ae017b08165bc0679d2d079a13e02b.jpeg', 9, 1, 'Tata'),
(45, 'Osis 5', '2021-07-03 09:10:55', '8f8896490a2d94526643c21d049ee7dd.jpeg', 9, 1, 'Tata'),
(46, 'Osis 6', '2021-07-03 09:11:05', 'fb90ba0d9710fff685cc424780125f59.jpeg', 9, 1, 'Tata'),
(47, 'LDKS 1', '2021-07-03 09:11:20', 'edc0bd8c9ec68d00129ba8012b0d71ef.jpeg', 10, 1, 'Tata'),
(48, 'LDKS 2', '2021-07-03 09:11:32', 'fd46cd9b7f718cb383b08f69bd9bb230.jpeg', 10, 1, 'Tata'),
(49, 'LDKS 3', '2021-07-03 09:11:43', '50331c3c727d48ec8e372e49e5887aac.jpeg', 10, 1, 'Tata'),
(50, 'LDKS 4', '2021-07-03 09:11:57', 'e4d22b82dfa7c98dc416df80f1f4a838.jpeg', 10, 1, 'Tata'),
(51, 'LDKS 5', '2021-07-03 09:12:13', '2d6058a1b8618457d4a7ca49078ad124.jpeg', 10, 1, 'Tata'),
(52, 'Osis 6', '2021-07-03 09:38:29', '16d489fb1ecbdc0651e147102a994f31.jpg', 9, 1, 'Tata'),
(53, 'Osis 7', '2021-07-03 09:38:46', '160a90b5b46689e8412cd1c6b9cd729f.jpg', 9, 1, 'Tata'),
(54, 'Osis 8', '2021-07-03 09:38:59', '0cde8a049f75f37bfce0ac0b6ce07414.jpg', 9, 1, 'Tata'),
(55, 'Osis 9', '2021-07-03 09:39:17', '9aabb8c19da3e243b818fe6314236e9f.jpg', 9, 1, 'Tata'),
(56, 'Osis 10', '2021-07-03 09:39:32', '5f382dd4920a5e9c9bd452bda393d34b.jpg', 9, 1, 'Tata');

-- --------------------------------------------------------

--
-- Table structure for table `tbl_guru`
--

CREATE TABLE `tbl_guru` (
  `guru_id` int(11) NOT NULL,
  `guru_nip` varchar(30) DEFAULT NULL,
  `guru_nama` varchar(70) DEFAULT NULL,
  `guru_jenkel` varchar(2) DEFAULT NULL,
  `guru_tmp_lahir` varchar(80) DEFAULT NULL,
  `guru_tgl_lahir` varchar(80) DEFAULT NULL,
  `guru_mapel` varchar(120) DEFAULT NULL,
  `guru_photo` varchar(40) DEFAULT NULL,
  `guru_tgl_input` timestamp NULL DEFAULT current_timestamp()
) ENGINE=InnoDB DEFAULT CHARSET=latin1;

--
-- Dumping data for table `tbl_guru`
--

INSERT INTO `tbl_guru` (`guru_id`, `guru_nip`, `guru_nama`, `guru_jenkel`, `guru_tmp_lahir`, `guru_tgl_lahir`, `guru_mapel`, `guru_photo`, `guru_tgl_input`) VALUES
(1, '927482658274982', 'M Fikri Setiadi', 'L', 'Padang', '25 September 1993', 'Teknik Komputer', 'f6bbe1e04e78e0d715e9830a605794aa.jpg', '2017-01-26 07:49:43'),
(2, '927482658274981', 'Thomas Muller', 'L', 'Germany', '25 September 1989', 'Olahgara', NULL, '2017-01-26 13:38:54'),
(3, '-', 'Joko Subroto', 'L', 'Jakarta', '25 September 1989', 'PPKN, Matematika', NULL, '2017-01-26 13:41:20'),
(4, '-', 'Kusta Otomo', 'L', 'Jakarta', '25 September 1989', 'Seni Budaya', NULL, '2017-01-26 13:42:08'),
(5, '-', 'Yuliani Ningsih', 'P', 'Padang', '27 September 1993', 'Bahasa Indonesia', NULL, '2017-01-26 13:42:48'),
(6, '927482658274993', 'Ari Hidayat', 'L', 'Padang', '25 September 1993', 'Bahasa Inggris', NULL, '2017-01-26 13:43:46'),
(7, '927482658274998', 'Irma Cantika', 'P', 'Padang', '25 September 1993', 'Bahasa Inggris, IPA', '4200d2514abf45755943526b74474c16.jpg', '2017-01-26 13:45:11'),
(8, '-', 'Ririn Febriesta', 'P', 'Padang', '27 September 1994', 'Pend. Agama Islam', NULL, '2017-01-27 04:28:23');

-- --------------------------------------------------------

--
-- Table structure for table `tbl_inbox`
--

CREATE TABLE `tbl_inbox` (
  `inbox_id` int(11) NOT NULL,
  `inbox_nama` varchar(40) DEFAULT NULL,
  `inbox_email` varchar(60) DEFAULT NULL,
  `inbox_kontak` varchar(20) DEFAULT NULL,
  `inbox_pesan` text DEFAULT NULL,
  `inbox_tanggal` timestamp NULL DEFAULT current_timestamp(),
  `inbox_status` int(11) DEFAULT 1 COMMENT '1=Belum dilihat, 0=Telah dilihat'
) ENGINE=InnoDB DEFAULT CHARSET=latin1;

-- --------------------------------------------------------

--
-- Table structure for table `tbl_kategori`
--

CREATE TABLE `tbl_kategori` (
  `kategori_id` int(11) NOT NULL,
  `kategori_nama` varchar(30) DEFAULT NULL,
  `kategori_tanggal` timestamp NULL DEFAULT current_timestamp()
) ENGINE=InnoDB DEFAULT CHARSET=latin1;

--
-- Dumping data for table `tbl_kategori`
--

INSERT INTO `tbl_kategori` (`kategori_id`, `kategori_nama`, `kategori_tanggal`) VALUES
(1, 'Pendidikan', '2016-09-06 05:49:04'),
(2, 'Politik', '2016-09-06 05:50:01'),
(3, 'Sains', '2016-09-06 05:59:39'),
(5, 'Penelitian', '2016-09-06 06:19:26'),
(6, 'Prestasi', '2016-09-07 02:51:09'),
(13, 'Olah Raga', '2017-01-13 13:20:31');

-- --------------------------------------------------------

--
-- Table structure for table `tbl_kelas`
--

CREATE TABLE `tbl_kelas` (
  `kelas_id` int(11) NOT NULL,
  `kelas_nama` varchar(40) DEFAULT NULL
) ENGINE=InnoDB DEFAULT CHARSET=latin1;

--
-- Dumping data for table `tbl_kelas`
--

INSERT INTO `tbl_kelas` (`kelas_id`, `kelas_nama`) VALUES
(1, '7A'),
(2, '7B'),
(3, '7C'),
(4, '7D'),
(5, '7E'),
(6, '7F'),
(7, '7G'),
(8, '8A'),
(9, '8B'),
(10, '8C'),
(11, '8D'),
(12, '8E'),
(13, '8F'),
(14, '8G'),
(15, '9A'),
(16, '9B'),
(17, '9C'),
(18, '9D'),
(19, '9E'),
(20, '9F'),
(21, '9G');

-- --------------------------------------------------------

--
-- Table structure for table `tbl_komentar`
--

CREATE TABLE `tbl_komentar` (
  `komentar_id` int(11) NOT NULL,
  `komentar_nama` varchar(30) DEFAULT NULL,
  `komentar_email` varchar(50) DEFAULT NULL,
  `komentar_isi` varchar(120) DEFAULT NULL,
  `komentar_tanggal` timestamp NULL DEFAULT current_timestamp(),
  `komentar_status` varchar(2) DEFAULT NULL,
  `komentar_tulisan_id` int(11) DEFAULT NULL,
  `komentar_parent` int(11) DEFAULT 0
) ENGINE=InnoDB DEFAULT CHARSET=latin1;

-- --------------------------------------------------------

--
-- Table structure for table `tbl_log_aktivitas`
--

CREATE TABLE `tbl_log_aktivitas` (
  `log_id` int(11) NOT NULL,
  `log_nama` text DEFAULT NULL,
  `log_tanggal` timestamp NULL DEFAULT current_timestamp(),
  `log_ip` varchar(20) DEFAULT NULL,
  `log_pengguna_id` int(11) DEFAULT NULL,
  `log_icon` blob DEFAULT NULL,
  `log_jenis_icon` varchar(50) DEFAULT NULL
) ENGINE=InnoDB DEFAULT CHARSET=latin1;

-- --------------------------------------------------------

--
-- Table structure for table `tbl_pengumuman`
--

CREATE TABLE `tbl_pengumuman` (
  `pengumuman_id` int(11) NOT NULL,
  `pengumuman_judul` varchar(150) DEFAULT NULL,
  `pengumuman_deskripsi` text DEFAULT NULL,
  `pengumuman_tanggal` timestamp NULL DEFAULT current_timestamp(),
  `pengumuman_author` varchar(60) DEFAULT NULL
) ENGINE=InnoDB DEFAULT CHARSET=latin1;

--
-- Dumping data for table `tbl_pengumuman`
--

INSERT INTO `tbl_pengumuman` (`pengumuman_id`, `pengumuman_judul`, `pengumuman_deskripsi`, `pengumuman_tanggal`, `pengumuman_author`) VALUES
(1, 'Pengumuman Libur Semester Ganjil Tahun Ajaran 2016-2017', 'Libur semester ganjil tahun ajaran 2016-2017 dimulai dari tanggal 3 Maret 2017 sampai dengan tanggal 7 Maret 207.', '2017-01-21 01:17:30', 'Tata'),
(2, 'Pengumuman Pembagian Raport Semester Ganjil Tahun Ajaran 2016-2017', 'Menjelang berakhirnya proses belajar-mengajar di semester ganjil tahun ajaran 2016-2017, maka akan diadakan pembagian hasil belajar/raport pada tanggal 4 Maret 2017 pukul 07.30 WIB.\r\nYang bertempat di M-Sekolah. Raport diambil oleh orang tua/wali kelas murid masing-masing', '2017-01-21 01:16:20', 'Tata'),
(3, 'Pengumuman Peresmian dan Launching Website Perdana M-Sekolah', 'Peresmian dan launching website resmi M-Sekolah akan diadakan pada hari 23 Desember 2016 pukul 10.00, bertepatan dengan pembagian raport semester ganjil tahun ajaran 2016-2017', '2017-01-22 07:16:16', 'Tata'),
(4, 'Pengumuman Proses Belajar Mengajar di Semester Genap Tahun Ajaran 2016-2017', 'Setelah libur semester ganjil tahun ajaran 2016-2017, proses belajar mengajar di semester genap tahun ajaran 2016-2017 mulai aktif kembali tanggal 2 Maret 2017.', '2017-01-22 07:15:28', 'Tata'),
(5, 'PTMT 2021/2022 Resmidi Tiadakan - Walikota Bekasi', 'Bismillah, menyikapi keputusan Walikota Bekasi pada hari senin 17 April 2021, Pertemuan Tatap Muka Terbatas (PTMT) dibatalkan karena semakin banyaknya kasus + Covid19 di wilayah Bekasi dan sekitarnya.', '2021-07-04 03:40:38', 'Tata');

-- --------------------------------------------------------

--
-- Table structure for table `tbl_pengunjung`
--

CREATE TABLE `tbl_pengunjung` (
  `pengunjung_id` int(11) NOT NULL,
  `pengunjung_tanggal` timestamp NULL DEFAULT current_timestamp(),
  `pengunjung_ip` varchar(40) DEFAULT NULL,
  `pengunjung_perangkat` varchar(100) DEFAULT NULL
) ENGINE=InnoDB DEFAULT CHARSET=latin1;

--
-- Dumping data for table `tbl_pengunjung`
--

INSERT INTO `tbl_pengunjung` (`pengunjung_id`, `pengunjung_tanggal`, `pengunjung_ip`, `pengunjung_perangkat`) VALUES
(930, '2018-08-09 08:04:59', '::1', 'Chrome'),
(931, '2021-01-29 00:57:59', '127.0.0.1', 'Firefox'),
(932, '2021-07-03 02:35:49', '8.25.96.158', 'Firefox'),
(933, '2021-07-03 09:45:41', '140.213.7.123', 'Chrome'),
(934, '2021-07-03 10:29:14', '140.213.33.45', 'Other'),
(935, '2021-07-03 10:33:04', '101.255.140.81', 'Chrome'),
(936, '2021-07-03 13:24:49', '140.213.33.161', 'Chrome'),
(937, '2021-07-04 02:06:09', '8.25.96.158', 'Firefox'),
(938, '2021-07-04 06:03:47', '176.119.29.20', 'Firefox'),
(939, '2021-07-04 06:16:21', '74.120.14.37', 'Other'),
(940, '2021-07-04 07:08:29', '128.1.248.42', 'Chrome'),
(941, '2021-07-04 07:11:45', '176.119.29.3', 'Firefox'),
(942, '2021-07-04 07:14:42', '192.241.215.92', 'Mozilla'),
(943, '2021-07-04 11:36:40', '45.129.18.160', 'Chrome'),
(944, '2021-07-04 12:09:35', '34.79.107.251', 'Other'),
(945, '2021-07-04 13:47:27', '193.118.53.202', 'Chrome'),
(946, '2021-07-04 14:06:15', '116.203.58.207', 'Chrome'),
(947, '2021-07-04 14:32:08', '45.146.164.110', 'Chrome'),
(948, '2021-07-04 15:15:11', '128.14.134.170', 'Chrome'),
(949, '2021-07-04 16:58:00', '61.147.15.66', 'ZTE'),
(950, '2021-07-04 18:33:36', '173.245.202.201', 'Chrome'),
(951, '2021-07-04 20:51:45', '209.107.196.34', 'Chrome'),
(952, '2021-07-04 21:30:13', '80.82.77.192', 'Chrome'),
(953, '2021-07-04 22:30:46', '213.32.122.82', 'Chrome'),
(954, '2021-07-04 23:25:34', '143.110.221.30', 'Chrome'),
(955, '2021-07-04 23:26:14', '165.22.54.72', 'Chrome'),
(956, '2021-07-04 23:26:24', '107.175.31.238', 'Chrome'),
(957, '2021-07-05 00:19:45', '192.241.214.86', 'Mozilla'),
(958, '2021-07-05 00:39:41', '101.128.127.16', 'Other'),
(959, '2021-07-05 00:40:09', '112.215.235.126', 'Chrome'),
(960, '2021-07-05 01:23:42', '138.68.132.66', 'Chrome'),
(961, '2021-07-05 01:50:37', '180.252.119.251', 'Chrome'),
(962, '2021-07-05 02:20:02', '107.189.1.220', 'Internet Explorer'),
(963, '2021-07-05 02:37:22', '184.105.247.254', 'Other'),
(964, '2021-07-05 03:08:10', '162.62.123.46', 'Other'),
(965, '2021-07-05 03:16:33', '142.202.240.122', 'Chrome'),
(966, '2021-07-05 03:17:51', '77.247.110.160', 'Chrome'),
(967, '2021-07-05 03:17:58', '112.215.235.130', 'Chrome'),
(968, '2021-07-05 04:04:17', '64.233.172.140', 'Chrome'),
(969, '2021-07-05 04:19:38', '128.14.134.170', 'Chrome'),
(970, '2021-07-05 05:00:37', '185.220.101.6', 'Baiduspider'),
(971, '2021-07-05 05:01:08', '185.220.100.252', 'Baiduspider'),
(972, '2021-07-05 05:05:24', '18.218.97.64', 'Chrome'),
(973, '2021-07-05 05:11:57', '128.1.248.26', 'Chrome'),
(974, '2021-07-05 07:34:18', '45.146.164.110', 'Chrome'),
(975, '2021-07-05 07:53:53', '192.35.168.112', 'Mozilla'),
(976, '2021-07-05 12:23:09', '140.213.11.37', 'Chrome'),
(977, '2021-07-05 13:17:48', '23.251.102.90', 'Chrome'),
(978, '2021-07-05 13:18:16', '147.139.32.106', 'Other'),
(979, '2021-07-05 13:40:03', '63.141.251.234', 'Chrome'),
(980, '2021-07-05 15:22:58', '142.54.177.6', 'Chrome'),
(981, '2021-07-05 16:05:54', '162.142.125.54', 'Mozilla'),
(982, '2021-07-05 16:30:12', '92.118.160.13', 'Vario'),
(983, '2021-07-05 16:33:46', '192.241.220.237', 'Mozilla'),
(984, '2021-07-05 16:55:01', '112.215.170.210', 'Chrome'),
(985, '2021-07-05 18:03:29', '77.88.5.109', 'YandexBot'),
(986, '2021-07-05 18:03:29', '77.88.5.38', 'YandexBot'),
(987, '2021-07-05 18:19:08', '45.33.96.205', 'Chrome'),
(988, '2021-07-05 19:14:46', '198.204.234.250', 'Chrome'),
(989, '2021-07-05 22:05:12', '23.251.102.74', 'Chrome'),
(990, '2021-07-05 22:44:20', '128.14.134.170', 'Chrome'),
(991, '2021-07-06 00:42:28', '167.71.239.4', 'Other'),
(992, '2021-07-06 00:43:30', '143.198.234.226', 'Chrome'),
(993, '2021-07-06 01:06:32', '37.0.11.16', 'Chrome'),
(994, '2021-07-06 02:22:16', '64.62.197.32', 'Other'),
(995, '2021-07-06 02:52:14', '180.252.117.247', 'Chrome'),
(996, '2021-07-06 02:53:42', '162.62.123.46', 'Other'),
(997, '2021-07-06 03:30:40', '101.128.127.16', 'Firefox');

-- --------------------------------------------------------

--
-- Table structure for table `tbl_siswa`
--

CREATE TABLE `tbl_siswa` (
  `siswa_id` int(11) NOT NULL,
  `siswa_nis` varchar(20) DEFAULT NULL,
  `siswa_nama` varchar(70) DEFAULT NULL,
  `siswa_jenkel` varchar(2) DEFAULT NULL,
  `siswa_kelas_id` int(11) DEFAULT NULL,
  `siswa_photo` varchar(40) DEFAULT NULL
) ENGINE=InnoDB DEFAULT CHARSET=latin1;

--
-- Dumping data for table `tbl_siswa`
--

INSERT INTO `tbl_siswa` (`siswa_id`, `siswa_nis`, `siswa_nama`, `siswa_jenkel`, `siswa_kelas_id`, `siswa_photo`) VALUES
(1, '9287482', 'Alvaro Sanchez', 'L', 8, '083d547659a2d4bb15c0322d15955da5.png'),
(2, '9287483', 'Ririn Cantika', 'P', 8, '74eec6ad37550cc12fe8fa83d46878af.jpg'),
(4, '123083', 'Ari Hidayat', 'L', 1, 'e371e67618ad53c99de380782c373023.png'),
(5, '123084', 'Irma Chaiyo', 'P', 1, 'cd78b29c36d29fabe1145fe079c7be08.jpg'),
(6, '123085', 'Nadila Ginting', 'P', 1, 'b52e315b841f3fc856b028978a95569d.jpg'),
(7, '123086', 'Anna Marina', 'P', 1, 'd6b0e4106766ca2e43e2a17a13b33d53.jpg'),
(8, '123086', 'Dhea Lubis', 'P', 1, '4e07c99a90add1ddf8ff1c12a1aad56c.jpg'),
(9, '123087', 'Nadia Ginting', 'P', 1, 'a371de5193e5c5cdd849ff4d3b7d9bde.jpeg'),
(10, '123088', 'Mita Febrina', 'P', 1, '9ed91c9d293f9ca132c52ea6c8ab048c.jpg'),
(11, '123089', 'Elizabeth ', 'P', 1, '31417b62047a7485e71af6832581ce34.jpg'),
(12, '123090', 'Della Guswono', 'P', 1, '6c82fce13bb3eff1fd2e897b2c3cfeeb.png');

-- --------------------------------------------------------

--
-- Table structure for table `tbl_testimoni`
--

CREATE TABLE `tbl_testimoni` (
  `testimoni_id` int(11) NOT NULL,
  `testimoni_nama` varchar(30) DEFAULT NULL,
  `testimoni_isi` varchar(120) DEFAULT NULL,
  `testimoni_email` varchar(35) DEFAULT NULL,
  `testimoni_tanggal` timestamp NULL DEFAULT current_timestamp()
) ENGINE=InnoDB DEFAULT CHARSET=latin1;

-- --------------------------------------------------------

--
-- Table structure for table `tbl_tulisan`
--

CREATE TABLE `tbl_tulisan` (
  `tulisan_id` int(11) NOT NULL,
  `tulisan_judul` varchar(100) DEFAULT NULL,
  `tulisan_isi` text DEFAULT NULL,
  `tulisan_tanggal` timestamp NULL DEFAULT current_timestamp(),
  `tulisan_kategori_id` int(11) DEFAULT NULL,
  `tulisan_kategori_nama` varchar(30) DEFAULT NULL,
  `tulisan_views` int(11) DEFAULT 0,
  `tulisan_gambar` varchar(40) DEFAULT NULL,
  `tulisan_pengguna_id` int(11) DEFAULT NULL,
  `tulisan_author` varchar(40) DEFAULT NULL,
  `tulisan_img_slider` int(2) NOT NULL DEFAULT 0,
  `tulisan_slug` varchar(200) DEFAULT NULL
) ENGINE=InnoDB DEFAULT CHARSET=latin1;

--
-- Dumping data for table `tbl_tulisan`
--

INSERT INTO `tbl_tulisan` (`tulisan_id`, `tulisan_judul`, `tulisan_isi`, `tulisan_tanggal`, `tulisan_kategori_id`, `tulisan_kategori_nama`, `tulisan_views`, `tulisan_gambar`, `tulisan_pengguna_id`, `tulisan_author`, `tulisan_img_slider`, `tulisan_slug`) VALUES
(20, 'Persiapan siswa menjelang ujian nasional', '<p>Banyak metode bejalar yang dilakukan oleh siswa untuk persiapan menghadapi ujian nasional (UN). Biantaranya mengingat dengan metode Mind Map, ataupun bejalar diluar kelas (outdoor).&nbsp; Ini adalah sampel artikel Ini adalah sampel artikel Ini adalah sampel artikel Ini adalah sampel artikel Ini adalah sampel artikel Ini adalah sampel artikel Ini adalah sampel artikel Ini adalah sampel artikel Ini adalah sampel artikel Ini adalah sampel artikel Ini adalah sampel artikel Ini adalah sampel artikel Ini adalah sampel artikel Ini adalah sampel artikel Ini adalah sampel artikel.</p>\r\n\r\n<p>&nbsp;</p>\r\n\r\n<p>Ini adalah sampel artikel Ini adalah sampel artikel Ini adalah sampel artikel Ini adalah sampel artikel Ini adalah sampel artikel Ini adalah sampel artikel Ini adalah sampel artikel Ini adalah sampel artikel Ini adalah sampel artikel Ini adalah sampel artikel Ini adalah sampel artikel Ini adalah sampel artikel Ini adalah sampel artikel Ini adalah sampel artikel Ini adalah sampel artikel Ini adalah sampel artikel Ini adalah sampel artikel Ini adalah sampel artikel Ini adalah sampel artikel Ini adalah sampel artikel Ini adalah sampel artikel Ini adalah sampel artikel Ini adalah sampel artikel Ini adalah sampel artikel Ini adalah sampel artikel Ini adalah sampel artikel Ini adalah sampel artikel Ini adalah sampel artikel Ini adalah sampel artikel Ini adalah sampel artikel Ini adalah sampel artikel Ini adalah sampel artikel Ini adalah sampel artikel Ini adalah sampel artikel.</p>\r\n\r\n<p>&nbsp;</p>\r\n\r\n<p>Ini adalah sampel artikel Ini adalah sampel artikel Ini adalah sampel artikel Ini adalah sampel artikel Ini adalah sampel artikel Ini adalah sampel artikel Ini adalah sampel artikel Ini adalah sampel artikel Ini adalah sampel artikel Ini adalah sampel artikel Ini adalah sampel artikel Ini adalah sampel artikel Ini adalah sampel artikel Ini adalah sampel artikel Ini adalah sampel artikel Ini adalah sampel artikel Ini adalah sampel artikel Ini adalah sampel artikel Ini adalah sampel artikel Ini adalah sampel artikel Ini adalah sampel artikel Ini adalah sampel artikel.</p>\r\n\r\n<p>&nbsp;</p>\r\n\r\n<p>Ini adalah sampel artikel Ini adalah sampel artikel Ini adalah sampel artikel Ini adalah sampel artikel Ini adalah sampel artikel Ini adalah sampel artikel Ini adalah sampel artikel Ini adalah sampel artikel Ini adalah sampel artikel Ini adalah sampel artikel Ini adalah sampel artikel Ini adalah sampel artikel Ini adalah sampel artikel Ini adalah sampel artikel Ini adalah sampel artikel Ini adalah sampel artikel Ini adalah sampel artikel Ini adalah sampel artikel.</p>\r\n\r\n<p>&nbsp;</p>\r\n\r\n<p>Ini adalah sampel artikel Ini adalah sampel artikel Ini adalah sampel artikel Ini adalah sampel artikel Ini adalah sampel artikel Ini adalah sampel artikel Ini adalah sampel artikel Ini adalah sampel artikel Ini adalah sampel artikel Ini adalah sampel artikel Ini adalah sampel artikel Ini adalah sampel artikel Ini adalah sampel artikel Ini adalah sampel artikel Ini adalah sampel artikel Ini adalah sampel artikel Ini adalah sampel artikel Ini adalah sampel artikel Ini adalah sampel artikel Ini adalah sampel artikel Ini adalah sampel artikel Ini adalah sampel artikel Ini adalah sampel artikel Ini adalah sampel artikel Ini adalah sampel artikel.</p>\r\n\r\n<p>&nbsp;</p>\r\n\r\n<p>Ini adalah sampel artikel Ini adalah sampel artikel Ini adalah sampel artikel Ini adalah sampel artikel Ini adalah sampel artikel Ini adalah sampel artikel Ini adalah sampel artikel Ini adalah sampel artikel Ini adalah sampel artikel Ini adalah sampel artikel Ini adalah sampel artikel.</p>\r\n', '2017-05-17 09:24:42', 1, 'Pendidikan', 29, '0a927c6d34dc5560b72f053313f14638.jpg', 1, 'Tata', 0, 'persiapan-siswa-menjelang-ujian-nasional'),
(22, 'Prestasi membangga dari siswa MSchool', '<p>Prestasi dan penghargaan merupakan trigger (pemicu) semangat belajar siswa. Ada banyak prestasi yang telah diraih oleh siswa m-sekolah. Ini adalah sampel artikel Ini adalah sampel artikel Ini adalah sampel artikel Ini adalah sampel artikel Ini adalah sampel artikel Ini adalah sampel artikel.</p>\r\n\r\n<p>Ini adalah sampel artikel Ini adalah sampel artikel Ini adalah sampel artikel Ini adalah sampel artikel Ini adalah sampel artikel Ini adalah sampel artikel Ini adalah sampel artikel Ini adalah sampel artikel Ini adalah sampel artikel Ini adalah sampel artikel Ini adalah sampel artikel Ini adalah sampel artikel Ini adalah sampel artikel Ini adalah sampel artikel Ini adalah sampel artikel Ini adalah sampel artikel Ini adalah sampel artikel Ini adalah sampel artikel Ini adalah sampel artikel.</p>\r\n\r\n<p>Ini adalah sampel artikel Ini adalah sampel artikel Ini adalah sampel artikel Ini adalah sampel artikel Ini adalah sampel artikel Ini adalah sampel artikel Ini adalah sampel artikel Ini adalah sampel artikel Ini adalah sampel artikel.</p>\r\n\r\n<p>Ini adalah sampel artikel Ini adalah sampel artikel Ini adalah sampel artikel Ini adalah sampel artikel Ini adalah sampel artikel Ini adalah sampel artikel Ini adalah sampel artikel Ini adalah sampel artikel Ini adalah sampel artikel Ini adalah sampel artikel Ini adalah sampel artikel Ini adalah sampel artikel Ini adalah sampel artikel Ini adalah sampel artikel Ini adalah sampel artikel Ini adalah sampel artikel Ini adalah sampel artikel Ini adalah sampel artikel.</p>\r\n\r\n<p>Ini adalah sampel artikel Ini adalah sampel artikel Ini adalah sampel artikel Ini adalah sampel artikel Ini adalah sampel artikel Ini adalah sampel artikel Ini adalah sampel artikel Ini adalah sampel artikel Ini adalah sampel artikel Ini adalah sampel artikel Ini adalah sampel artikel Ini adalah sampel artikel Ini adalah sampel artikel Ini adalah sampel artikel Ini adalah sampel artikel Ini adalah sampel artikel Ini adalah sampel artikel Ini adalah sampel artikel Ini adalah sampel artikel Ini adalah sampel artikel Ini adalah sampel artikel Ini adalah sampel artikel Ini adalah sampel artikel.</p>\r\n\r\n<p>Ini adalah sampel artikel Ini adalah sampel artikel Ini adalah sampel artikel Ini adalah sampel artikel Ini adalah sampel artikel Ini adalah sampel artikel Ini adalah sampel artikel Ini adalah sampel artikel Ini adalah sampel artikel Ini adalah sampel artikel Ini adalah sampel artikel Ini adalah sampel artikel Ini adalah sampel artikel Ini adalah sampel artikel Ini adalah sampel artikel Ini adalah sampel artikel Ini adalah sampel artikel Ini adalah sampel artikel Ini adalah sampel artikel.</p>\r\n', '2017-05-17 09:38:21', 6, 'Prestasi', 1, 'a59aa487ab2e3b57b2fcf75063b67575.jpg', 1, 'Tata', 0, 'prestasi-membangga-dari-siswa-mschool'),
(23, 'Pelaksanaan Ujian Nasional MSchool', '<p>Pelaksanaan UN (Ujian Nasional) di sekolah M-Sekolah berlangsung tentram dan damai. Terlihat ketenangan terpancar diwajah siswa berprestasi.&nbsp; Ini adalah sampel artikel Ini adalah sampel artikel&nbsp; Ini adalah sampel artikel Ini adalah sampel artikel Ini adalah sampel artikel Ini adalah sampel artikel Ini adalah sampel artikel Ini adalah sampel artikel.</p>\r\n\r\n<p>Ini adalah sampel artikel Ini adalah sampel artikel Ini adalah sampel artikel Ini adalah sampel artikel Ini adalah sampel artikel Ini adalah sampel artikel Ini adalah sampel artikel Ini adalah sampel artikel.</p>\r\n\r\n<p>Ini adalah sampel artikel Ini adalah sampel artikel Ini adalah sampel artikel Ini adalah sampel artikel Ini adalah sampel artikel Ini adalah sampel artikel Ini adalah sampel artikel Ini adalah sampel artikel Ini adalah sampel artikel Ini adalah sampel artikel Ini adalah sampel artikel Ini adalah sampel artikel Ini adalah sampel artikel Ini adalah sampel artikel Ini adalah sampel artikel Ini adalah sampel artikel Ini adalah sampel artikel Ini adalah sampel artikel Ini adalah sampel artikel Ini adalah sampel artikel.</p>\r\n\r\n<p>Ini adalah sampel artikel Ini adalah sampel artikel Ini adalah sampel artikel Ini adalah sampel artikel Ini adalah sampel artikel Ini adalah sampel artikel Ini adalah sampel artikel Ini adalah sampel artikel Ini adalah sampel artikel Ini adalah sampel artikel Ini adalah sampel artikel Ini adalah sampel artikel Ini adalah sampel artikel Ini adalah sampel artikel Ini adalah sampel artikel Ini adalah sampel artikel Ini adalah sampel artikel Ini adalah sampel artikel Ini adalah sampel artikel.</p>\r\n\r\n<p>Ini adalah sampel artikel Ini adalah sampel artikel Ini adalah sampel artikel Ini adalah sampel artikel Ini adalah sampel artikel Ini adalah sampel artikel Ini adalah sampel artikel Ini adalah sampel artikel Ini adalah sampel artikel Ini adalah sampel artikel Ini adalah sampel artikel Ini adalah sampel artikel Ini adalah sampel artikel Ini adalah sampel artikel Ini adalah sampel artikel Ini adalah sampel artikel Ini adalah sampel artikel Ini adalah sampel artikel Ini adalah sampel artikel.</p>\r\n', '2017-05-17 09:41:30', 1, 'Pendidikan', 3, '12bfb1953df800c59835a2796f8c6619.jpg', 1, 'Tata', 0, 'pelaksanaan-ujian-nasional-mschool'),
(24, 'Proses belajar mengajar MSchool', '<p>Proses belajar mengajar di sekolah m-sekolah berlangsung menyenangkan. Didukung oleh instruktur yang fun dengan metode mengajar yang tidak biasa. Ini adalah sampel artikel Ini adalah sampel artikel Ini adalah sampel artikel Ini adalah sampel artikel Ini adalah sampel artikel.</p>\r\n\r\n<p>Ini adalah sampel artikel Ini adalah sampel artikel Ini adalah sampel artikel Ini adalah sampel artikel Ini adalah sampel artikel Ini adalah sampel a Ini adalah sampel artikel Ini adalah sampel artikel Ini adalah sampel artikel Ini adalah sampel artikel Ini adalah sampel artikel Ini adalah sampel artikel Ini adalah sampel artikel artikel Ini adalah sampel artikel Ini adalah sampel artikel.</p>\r\n\r\n<p>Ini adalah sampel artikel Ini adalah sampel artikel Ini adalah sampel artikel Ini adalah sampel artikel Ini adalah sampel artikel Ini adalah sampel artikel Ini adalah sampel artikel Ini adalah sampel artikel Ini adalah sampel artikel Ini adalah sampel artikel Ini adalah sampel artikel Ini adalah sampel artikel Ini adalah sampel artikel Ini adalah sampel artikel Ini adalah sampel artikel Ini adalah sampel artikel Ini adalah sampel artikel Ini adalah sampel artikel Ini adalah sampel artikel .</p>\r\n\r\n<p>Ini adalah sampel artikel Ini adalah sampel artikel Ini adalah sampel artikel Ini adalah sampel artikel Ini adalah sampel artikel Ini adalah sampel artikel Ini adalah sampel artikel Ini adalah sampel artikel Ini adalah sampel artikel Ini adalah sampel artikel Ini adalah sampel artikel Ini adalah sampel artikel Ini adalah sampel artikel Ini adalah sampel artikel Ini adalah sampel artikel Ini adalah sampel artikel Ini adalah sampel artikel Ini adalah sampel artikel Ini adalah sampel artikel Ini adalah sampel artikel Ini adalah sampel artikel Ini adalah sampel artikel Ini adalah sampel artikel Ini adalah sampel artikel.</p>\r\n\r\n<p>Ini adalah sampel artikel Ini adalah sampel artikel Ini adalah sampel artikel Ini adalah sampel artikel Ini adalah sampel artikel Ini adalah sampel artikel Ini adalah sampel artikel Ini adalah sampel artikel Ini adalah sampel artikel Ini adalah sampel artikel Ini adalah sampel artikel Ini adalah sampel artikel Ini adalah sampel artikel Ini adalah sampel artikel Ini adalah sampel artikel Ini adalah sampel artikel Ini adalah sampel artikel Ini adalah sampel artikel Ini adalah sampel artikel Ini adalah sampel artikel.</p>\r\n', '2017-05-17 09:46:29', 1, 'Pendidikan', 167, 'ea114dc1ec5275560a5ef3238fd04722.jpg', 1, 'Tata', 0, 'proses-belajar-mengajar-mschool'),
(25, 'iPhone 8 Baru Mengungkapkan Fitur Mengecewakan', '<p>Apple CEO Tim Cook delivers the opening keynote address the 2017 Apple.</p>\r\n\r\n<p><br />\r\nSudah lama sekali sejak Apple mampu menyimpan kejutan nyata dari beledu digital dan mengungkapkan &#39;satu hal&#39; yang sebenarnya selama sebuah keynote. Fase desain dan prototyping yang panjang, ditambah dengan rantai pasokan yang diperluas, telah menghasilkan garis manufaktur yang bocor.<br />\r\n<br />\r\nTariklah permintaan yang tak terpuaskan dari si geekerati dan Anda tidak akan pernah bisa menyimpan rahasianya ... bahkan jika penonton akan berpura-pura bahwa segala sesuatu yang dikatakan Tim Cook adalah sebuah wahyu.<br />\r\n<br />\r\nSemuanya di tampilkan untuk portofolio iPhone baru, meskipun jika kita jujur ??tidak ada hal baru yang bisa dilihat. Ini hanya Tim Cook dan timnya yang membuat model tahun lalu &#39;sedikit lebih baik&#39; dan mengajukan konsumen proposisi yang sama seperti setiap produsen smartphone lainnya.<br />\r\n<br />\r\nMungkin aku berharap terlalu banyak dari Apple. Pengulangan Timey dari mimpi Silicon Valley tidak dibangun dengan risiko, mendorong amplop, atau bereksperimen dengan bentuk atau fungsinya. Bagaimana Tim Cook bisa mendorong inovasi ketika begitu banyak kekaisarannya dibangun di seputar kebutuhan akan penjualan siklis iPhone yang terjamin? Jika penjualan smartphone turun, maka yayasan Cupertino akan berada dalam bahaya.<br />\r\n<br />\r\nJawaban Apple untuk ini adalah iPhone 8. Sementara iPhone 7S dan iPhone 7S Plus menjaga harapan, iPhone 8 bisa bereksperimen dengan bentuk, harga, dan kekuatan. Ini adalah handset yang akan mendorong batas teknologi Apple dengan layar OLED yang cerah dan jelas di bawah kaca melengkung yang membentuk bagian luarnya. Inilah smartphone yang membawa kekuatan magis wireless charging ke ekosistem iOS dan akan menawarkan pengenalan wajah untuk keamanan.<br />\r\n<br />\r\nYang semua terdengar hebat tapi itu satu set poin peluru yang bisa diterapkan ke banyak handset Android terkemuka yang ada di pasaran saat ini. Bahkan dengan andalannya yang maju untuk tahun 2017, Apple melakukan sedikit lebih banyak daripada mengenalkan teknologi yang ada ke portofolio iOS.<br />\r\n<br />\r\nItu tidak terlihat seperti ini beberapa bulan yang lalu. Fitur yang diduga dikeluarkan oleh Apple dari iPhone 8 memamerkan beberapa pemikiran terbaru tentang perangkat mobile, termasuk pengisian daya nirkabel jarak jauh dan sensor biometrik tertanam di bawah layar kaca. Ini perlahan-lahan telah terbantahkan oleh industri rumahan dan desas-desus, sampai-sampai kita cukup tahu apa yang terjadi dari iPhone 8.<br />\r\n<br />\r\nTentu saja iPhone 8 (dan lebih dari kemungkinan iPhone 7S dan 7S Plus) akan mendapat keuntungan dari perubahan pada konstruksi interior. Akan ada pencantuman iOS 11 dan integrasi perangkat lunak yang ketat ke perangkat keras. Akan ada anggukan Apple untuk kesederhanaan di UI dan aplikasi pihak ketiga akan segera menghadirkan fitur lanjutan kepada pengguna rata-rata.<br />\r\n<br />\r\nIni bukan perubahan sepele, tapi yang menyoroti ini adalah menjelaskan bagaimana sosis dibuat. Mereka adalah rakit tweak untuk paket yang sama. Anda bisa menambahkan kancing diamante ke gaun Anda, mengganti lapisannya, dan mengeluarkan pinggulnya karena tahun-tahun yang lewat, tapi pakaiannya tetap sama seperti yang orang lihat berkali-kali. Itu cukup bagi bisnis Apple untuk terus melakukannya dengan baik dan membuat pemegang saham tetap bahagia, namun Anda tidak dapat terus kembali ke bidang yang sama dan berharap untuk tetap berada di puncak permainan smartphone. Sesuatu harus diberikan.<br />\r\n<br />\r\nPortofolio Apple 2017 membajak bidang yang sama persis dengan tahun-tahun sebelumnya. Tulang punggung penjualan akan terdiri dari iPhone 7S dan iPhone 7S Plus yang berulang-ulang saat Tim Cook kembali menanam benih di alur yang sama persis seperti model sebelumnya. IPhone 8 dapat diluncurkan tepat waktu, namun stok akan sulit didapat dan Apple akan, sekali lagi, tidak merilis angka penjualan. Ini akan menjadi hal baru yang menarik dan berkilau, tapi mari kita panggil apa adanya.</p>\r\n\r\n<p>Tim Cook akan menyilangkan jari-jarinya sehingga cukup banyak orang yang senang bisa &#39;membeli iPhone lain&#39; dan terus menggelontorkannya tanpa melihat persaingan. IPhone 8 adalah Apple yang bermain mengejar kemajuan teknologi kompetisi, dengan harapan tidak ada yang memperhatikan bahwa iPhone Baru Kaisar tidak semudah yang terlihat.</p>\r\n', '2018-08-08 13:26:08', 5, 'Penelitian', 6, 'a0b99616241c9aded7f2a02661798d98.jpg', 1, 'Tata', 0, 'iphone-8-baru-mengungkapkan-fitur-mengecewakan');

--
-- Indexes for dumped tables
--

--
-- Indexes for table `tbl_agenda`
--
ALTER TABLE `tbl_agenda`
  ADD PRIMARY KEY (`agenda_id`);

--
-- Indexes for table `tbl_album`
--
ALTER TABLE `tbl_album`
  ADD PRIMARY KEY (`album_id`),
  ADD KEY `album_pengguna_id` (`album_pengguna_id`);

--
-- Indexes for table `tbl_files`
--
ALTER TABLE `tbl_files`
  ADD PRIMARY KEY (`file_id`);

--
-- Indexes for table `tbl_galeri`
--
ALTER TABLE `tbl_galeri`
  ADD PRIMARY KEY (`galeri_id`),
  ADD KEY `galeri_album_id` (`galeri_album_id`),
  ADD KEY `galeri_pengguna_id` (`galeri_pengguna_id`);

--
-- Indexes for table `tbl_guru`
--
ALTER TABLE `tbl_guru`
  ADD PRIMARY KEY (`guru_id`);

--
-- Indexes for table `tbl_inbox`
--
ALTER TABLE `tbl_inbox`
  ADD PRIMARY KEY (`inbox_id`);

--
-- Indexes for table `tbl_kategori`
--
ALTER TABLE `tbl_kategori`
  ADD PRIMARY KEY (`kategori_id`);

--
-- Indexes for table `tbl_kelas`
--
ALTER TABLE `tbl_kelas`
  ADD PRIMARY KEY (`kelas_id`);

--
-- Indexes for table `tbl_komentar`
--
ALTER TABLE `tbl_komentar`
  ADD PRIMARY KEY (`komentar_id`),
  ADD KEY `komentar_tulisan_id` (`komentar_tulisan_id`);

--
-- Indexes for table `tbl_log_aktivitas`
--
ALTER TABLE `tbl_log_aktivitas`
  ADD PRIMARY KEY (`log_id`),
  ADD KEY `log_pengguna_id` (`log_pengguna_id`);

--
-- Indexes for table `tbl_pengumuman`
--
ALTER TABLE `tbl_pengumuman`
  ADD PRIMARY KEY (`pengumuman_id`);

--
-- Indexes for table `tbl_pengunjung`
--
ALTER TABLE `tbl_pengunjung`
  ADD PRIMARY KEY (`pengunjung_id`);

--
-- Indexes for table `tbl_siswa`
--
ALTER TABLE `tbl_siswa`
  ADD PRIMARY KEY (`siswa_id`);

--
-- Indexes for table `tbl_testimoni`
--
ALTER TABLE `tbl_testimoni`
  ADD PRIMARY KEY (`testimoni_id`);

--
-- Indexes for table `tbl_tulisan`
--
ALTER TABLE `tbl_tulisan`
  ADD PRIMARY KEY (`tulisan_id`),
  ADD KEY `tulisan_kategori_id` (`tulisan_kategori_id`),
  ADD KEY `tulisan_pengguna_id` (`tulisan_pengguna_id`);

--
-- AUTO_INCREMENT for dumped tables
--

--
-- AUTO_INCREMENT for table `tbl_agenda`
--
ALTER TABLE `tbl_agenda`
  MODIFY `agenda_id` int(11) NOT NULL AUTO_INCREMENT, AUTO_INCREMENT=4;

--
-- AUTO_INCREMENT for table `tbl_album`
--
ALTER TABLE `tbl_album`
  MODIFY `album_id` int(11) NOT NULL AUTO_INCREMENT, AUTO_INCREMENT=11;

--
-- AUTO_INCREMENT for table `tbl_files`
--
ALTER TABLE `tbl_files`
  MODIFY `file_id` int(11) NOT NULL AUTO_INCREMENT, AUTO_INCREMENT=13;

--
-- AUTO_INCREMENT for table `tbl_galeri`
--
ALTER TABLE `tbl_galeri`
  MODIFY `galeri_id` int(11) NOT NULL AUTO_INCREMENT, AUTO_INCREMENT=57;

--
-- AUTO_INCREMENT for table `tbl_guru`
--
ALTER TABLE `tbl_guru`
  MODIFY `guru_id` int(11) NOT NULL AUTO_INCREMENT, AUTO_INCREMENT=9;

--
-- AUTO_INCREMENT for table `tbl_inbox`
--
ALTER TABLE `tbl_inbox`
  MODIFY `inbox_id` int(11) NOT NULL AUTO_INCREMENT, AUTO_INCREMENT=9;

--
-- AUTO_INCREMENT for table `tbl_kategori`
--
ALTER TABLE `tbl_kategori`
  MODIFY `kategori_id` int(11) NOT NULL AUTO_INCREMENT, AUTO_INCREMENT=14;

--
-- AUTO_INCREMENT for table `tbl_kelas`
--
ALTER TABLE `tbl_kelas`
  MODIFY `kelas_id` int(11) NOT NULL AUTO_INCREMENT, AUTO_INCREMENT=22;

--
-- AUTO_INCREMENT for table `tbl_komentar`
--
ALTER TABLE `tbl_komentar`
  MODIFY `komentar_id` int(11) NOT NULL AUTO_INCREMENT, AUTO_INCREMENT=6;

--
-- AUTO_INCREMENT for table `tbl_log_aktivitas`
--
ALTER TABLE `tbl_log_aktivitas`
  MODIFY `log_id` int(11) NOT NULL AUTO_INCREMENT;

--
-- AUTO_INCREMENT for table `tbl_pengumuman`
--
ALTER TABLE `tbl_pengumuman`
  MODIFY `pengumuman_id` int(11) NOT NULL AUTO_INCREMENT, AUTO_INCREMENT=6;

--
-- AUTO_INCREMENT for table `tbl_pengunjung`
--
ALTER TABLE `tbl_pengunjung`
  MODIFY `pengunjung_id` int(11) NOT NULL AUTO_INCREMENT, AUTO_INCREMENT=998;

--
-- AUTO_INCREMENT for table `tbl_siswa`
--
ALTER TABLE `tbl_siswa`
  MODIFY `siswa_id` int(11) NOT NULL AUTO_INCREMENT, AUTO_INCREMENT=13;

--
-- AUTO_INCREMENT for table `tbl_testimoni`
--
ALTER TABLE `tbl_testimoni`
  MODIFY `testimoni_id` int(11) NOT NULL AUTO_INCREMENT;

--
-- AUTO_INCREMENT for table `tbl_tulisan`
--
ALTER TABLE `tbl_tulisan`
  MODIFY `tulisan_id` int(11) NOT NULL AUTO_INCREMENT, AUTO_INCREMENT=26;
COMMIT;

